{"id":2586,"date":"2023-02-20T15:51:24","date_gmt":"2023-02-20T15:51:24","guid":{"rendered":"http:\/\/ocantinhodoscabrais.pt\/accommodation\/wohnung\/"},"modified":"2023-02-20T15:51:24","modified_gmt":"2023-02-20T15:51:24","slug":"wohnung","status":"publish","type":"mphb_room_type","link":"https:\/\/ocantinhodoscabrais.pt\/de\/accommodation\/wohnung\/","title":{"rendered":"Wohnung"},"content":{"rendered":"<p>Die beiden Wohnungen wurden so konzipiert, dass sie komfortabel sind und sich mit der l\u00e4ndlichen \u00c4sthetik des Dorfes mit seiner Geschichte und Marke verbinden.<\/p>\n<p>Jedes von ihnen bietet Platz f\u00fcr 8 Personen mit 3 Doppelzimmern und der M\u00f6glichkeit, zwei Personen auf dem Schlafsofa im Wohnzimmer unterzubringen.<\/p>\n<p>Zwei der Schlafzimmer haben ein Doppelbett und eine Duschwanne und das dritte ist ein Zweibettzimmer mit Badewanne.<\/p>\n<p><strong>Noten:<\/strong><\/p>\n<p>1. &#8211; Es k\u00f6nnen 9 Personen sein, wenn einer von ihnen ein Kind bis 12 Jahre ist, das ein Zustellbett anfordern muss.<\/p>\n<p>2. &#8211; Wenn Sie ein Zustellbett ben\u00f6tigen, senden Sie eine E-Mail, um es anzufordern.<\/p>\n<p><strong>Eigenschaften:<\/strong><\/p>\n<p>Jedes Apartment verf\u00fcgt \u00fcber 3 Schlafzimmer, 1 K\u00fcchenzeile und ein Wohnzimmer.<\/p>\n<p>Das Wohnzimmer besteht aus:<\/p>\n<p>ein Salamander,<\/p>\n<p>Klimaanlage,<\/p>\n<p>Fernsehen<\/p>\n<p>Ein Schlafsofa.<\/p>\n<p>Alle Zimmer verf\u00fcgen \u00fcber ein eigenes Bad.<\/p>\n<p><strong>Preis 15 \u20ac inklusive Fr\u00fchst\u00fcck. <\/strong><\/p>\n<p><strong>Zahlung in der Unterkunft.<\/strong><\/p>\n","protected":false},"excerpt":{"rendered":"<p>Die beiden Wohnungen wurden so konzipiert, dass sie komfortabel sind und sich mit der l\u00e4ndlichen \u00c4sthetik des Dorfes mit seiner Geschichte und Marke verbinden. Jedes von ihnen bietet Platz f\u00fcr 8 Personen mit 3 Doppelzimmern und der M\u00f6glichkeit, zwei Personen auf dem Schlafsofa im Wohnzimmer unterzubringen. Zwei der Schlafzimmer haben ein Doppelbett und eine Duschwanne&#8230;<\/p>\n","protected":false},"featured_media":0,"menu_order":0,"comment_status":"open","ping_status":"closed","template":"","mphb_room_type_category":[],"mphb_room_type_tag":[],"mphb_room_type_facility":[92,90,94,91,89,93,95],"acf":[],"yoast_head":"<!-- This site is optimized with the Yoast SEO Premium plugin v19.5 (Yoast SEO v20.7) - https:\/\/yoast.com\/wordpress\/plugins\/seo\/ -->\n<title>Wohnung - O Cantinho dos Cabrais<\/title>\n<meta name=\"robots\" content=\"index, follow, max-snippet:-1, max-image-preview:large, max-video-preview:-1\" \/>\n<link rel=\"canonical\" href=\"https:\/\/ocantinhodoscabrais.pt\/de\/accommodation\/wohnung\/\" \/>\n<meta property=\"og:locale\" content=\"de_DE\" \/>\n<meta property=\"og:type\" content=\"article\" \/>\n<meta property=\"og:title\" content=\"Wohnung\" \/>\n<meta property=\"og:description\" content=\"Die beiden Wohnungen wurden so konzipiert, dass sie komfortabel sind und sich mit der l\u00e4ndlichen \u00c4sthetik des Dorfes mit seiner Geschichte und Marke verbinden. Jedes von ihnen bietet Platz f\u00fcr 8 Personen mit 3 Doppelzimmern und der M\u00f6glichkeit, zwei Personen auf dem Schlafsofa im Wohnzimmer unterzubringen. Zwei der Schlafzimmer haben ein Doppelbett und eine Duschwanne...\" \/>\n<meta property=\"og:url\" content=\"https:\/\/ocantinhodoscabrais.pt\/de\/accommodation\/wohnung\/\" \/>\n<meta property=\"og:site_name\" content=\"O Cantinho dos Cabrais\" \/>\n<meta name=\"twitter:card\" content=\"summary_large_image\" \/>\n<meta name=\"twitter:label1\" content=\"Gesch\u00e4tzte Lesezeit\" \/>\n\t<meta name=\"twitter:data1\" content=\"1\u00a0Minute\" \/>\n<script type=\"application\/ld+json\" class=\"yoast-schema-graph\">{\"@context\":\"https:\/\/schema.org\",\"@graph\":[{\"@type\":\"WebPage\",\"@id\":\"https:\/\/ocantinhodoscabrais.pt\/de\/accommodation\/wohnung\/\",\"url\":\"https:\/\/ocantinhodoscabrais.pt\/de\/accommodation\/wohnung\/\",\"name\":\"Wohnung - O Cantinho dos Cabrais\",\"isPartOf\":{\"@id\":\"https:\/\/ocantinhodoscabrais.pt\/#website\"},\"datePublished\":\"2023-02-20T15:51:24+00:00\",\"dateModified\":\"2023-02-20T15:51:24+00:00\",\"breadcrumb\":{\"@id\":\"https:\/\/ocantinhodoscabrais.pt\/de\/accommodation\/wohnung\/#breadcrumb\"},\"inLanguage\":\"de\",\"potentialAction\":[{\"@type\":\"ReadAction\",\"target\":[\"https:\/\/ocantinhodoscabrais.pt\/de\/accommodation\/wohnung\/\"]}]},{\"@type\":\"BreadcrumbList\",\"@id\":\"https:\/\/ocantinhodoscabrais.pt\/de\/accommodation\/wohnung\/#breadcrumb\",\"itemListElement\":[{\"@type\":\"ListItem\",\"position\":1,\"name\":\"In\u00edcio\",\"item\":\"https:\/\/ocantinhodoscabrais.pt\/de\/\"},{\"@type\":\"ListItem\",\"position\":2,\"name\":\"Tipos de Alojamento\",\"item\":\"https:\/\/ocantinhodoscabrais.pt\/accommodation\/\"},{\"@type\":\"ListItem\",\"position\":3,\"name\":\"Wohnung\"}]},{\"@type\":\"WebSite\",\"@id\":\"https:\/\/ocantinhodoscabrais.pt\/#website\",\"url\":\"https:\/\/ocantinhodoscabrais.pt\/\",\"name\":\"O Cantinho dos Cabrais\",\"description\":\"Sinta a Natureza\",\"publisher\":{\"@id\":\"https:\/\/ocantinhodoscabrais.pt\/#organization\"},\"potentialAction\":[{\"@type\":\"SearchAction\",\"target\":{\"@type\":\"EntryPoint\",\"urlTemplate\":\"https:\/\/ocantinhodoscabrais.pt\/?s={search_term_string}\"},\"query-input\":\"required name=search_term_string\"}],\"inLanguage\":\"de\"},{\"@type\":\"Organization\",\"@id\":\"https:\/\/ocantinhodoscabrais.pt\/#organization\",\"name\":\"O Cantinho dos Cabrais\",\"url\":\"https:\/\/ocantinhodoscabrais.pt\/\",\"logo\":{\"@type\":\"ImageObject\",\"inLanguage\":\"de\",\"@id\":\"https:\/\/ocantinhodoscabrais.pt\/#\/schema\/logo\/image\/\",\"url\":\"https:\/\/ocantinhodoscabrais.pt\/wp-content\/uploads\/2023\/02\/cropped-logo_horizontal.fw_.png\",\"contentUrl\":\"https:\/\/ocantinhodoscabrais.pt\/wp-content\/uploads\/2023\/02\/cropped-logo_horizontal.fw_.png\",\"width\":563,\"height\":109,\"caption\":\"O Cantinho dos Cabrais\"},\"image\":{\"@id\":\"https:\/\/ocantinhodoscabrais.pt\/#\/schema\/logo\/image\/\"}}]}<\/script>\n<!-- \/ Yoast SEO Premium plugin. -->","yoast_head_json":{"title":"Wohnung - O Cantinho dos Cabrais","robots":{"index":"index","follow":"follow","max-snippet":"max-snippet:-1","max-image-preview":"max-image-preview:large","max-video-preview":"max-video-preview:-1"},"canonical":"https:\/\/ocantinhodoscabrais.pt\/de\/accommodation\/wohnung\/","og_locale":"de_DE","og_type":"article","og_title":"Wohnung","og_description":"Die beiden Wohnungen wurden so konzipiert, dass sie komfortabel sind und sich mit der l\u00e4ndlichen \u00c4sthetik des Dorfes mit seiner Geschichte und Marke verbinden. Jedes von ihnen bietet Platz f\u00fcr 8 Personen mit 3 Doppelzimmern und der M\u00f6glichkeit, zwei Personen auf dem Schlafsofa im Wohnzimmer unterzubringen. Zwei der Schlafzimmer haben ein Doppelbett und eine Duschwanne...","og_url":"https:\/\/ocantinhodoscabrais.pt\/de\/accommodation\/wohnung\/","og_site_name":"O Cantinho dos Cabrais","twitter_card":"summary_large_image","twitter_misc":{"Gesch\u00e4tzte Lesezeit":"1\u00a0Minute"},"schema":{"@context":"https:\/\/schema.org","@graph":[{"@type":"WebPage","@id":"https:\/\/ocantinhodoscabrais.pt\/de\/accommodation\/wohnung\/","url":"https:\/\/ocantinhodoscabrais.pt\/de\/accommodation\/wohnung\/","name":"Wohnung - O Cantinho dos Cabrais","isPartOf":{"@id":"https:\/\/ocantinhodoscabrais.pt\/#website"},"datePublished":"2023-02-20T15:51:24+00:00","dateModified":"2023-02-20T15:51:24+00:00","breadcrumb":{"@id":"https:\/\/ocantinhodoscabrais.pt\/de\/accommodation\/wohnung\/#breadcrumb"},"inLanguage":"de","potentialAction":[{"@type":"ReadAction","target":["https:\/\/ocantinhodoscabrais.pt\/de\/accommodation\/wohnung\/"]}]},{"@type":"BreadcrumbList","@id":"https:\/\/ocantinhodoscabrais.pt\/de\/accommodation\/wohnung\/#breadcrumb","itemListElement":[{"@type":"ListItem","position":1,"name":"In\u00edcio","item":"https:\/\/ocantinhodoscabrais.pt\/de\/"},{"@type":"ListItem","position":2,"name":"Tipos de Alojamento","item":"https:\/\/ocantinhodoscabrais.pt\/accommodation\/"},{"@type":"ListItem","position":3,"name":"Wohnung"}]},{"@type":"WebSite","@id":"https:\/\/ocantinhodoscabrais.pt\/#website","url":"https:\/\/ocantinhodoscabrais.pt\/","name":"O Cantinho dos Cabrais","description":"Sinta a Natureza","publisher":{"@id":"https:\/\/ocantinhodoscabrais.pt\/#organization"},"potentialAction":[{"@type":"SearchAction","target":{"@type":"EntryPoint","urlTemplate":"https:\/\/ocantinhodoscabrais.pt\/?s={search_term_string}"},"query-input":"required name=search_term_string"}],"inLanguage":"de"},{"@type":"Organization","@id":"https:\/\/ocantinhodoscabrais.pt\/#organization","name":"O Cantinho dos Cabrais","url":"https:\/\/ocantinhodoscabrais.pt\/","logo":{"@type":"ImageObject","inLanguage":"de","@id":"https:\/\/ocantinhodoscabrais.pt\/#\/schema\/logo\/image\/","url":"https:\/\/ocantinhodoscabrais.pt\/wp-content\/uploads\/2023\/02\/cropped-logo_horizontal.fw_.png","contentUrl":"https:\/\/ocantinhodoscabrais.pt\/wp-content\/uploads\/2023\/02\/cropped-logo_horizontal.fw_.png","width":563,"height":109,"caption":"O Cantinho dos Cabrais"},"image":{"@id":"https:\/\/ocantinhodoscabrais.pt\/#\/schema\/logo\/image\/"}}]}},"_links":{"self":[{"href":"https:\/\/ocantinhodoscabrais.pt\/de\/wp-json\/wp\/v2\/mphb_room_type\/2586"}],"collection":[{"href":"https:\/\/ocantinhodoscabrais.pt\/de\/wp-json\/wp\/v2\/mphb_room_type"}],"about":[{"href":"https:\/\/ocantinhodoscabrais.pt\/de\/wp-json\/wp\/v2\/types\/mphb_room_type"}],"replies":[{"embeddable":true,"href":"https:\/\/ocantinhodoscabrais.pt\/de\/wp-json\/wp\/v2\/comments?post=2586"}],"wp:attachment":[{"href":"https:\/\/ocantinhodoscabrais.pt\/de\/wp-json\/wp\/v2\/media?parent=2586"}],"wp:term":[{"taxonomy":"mphb_room_type_category","embeddable":true,"href":"https:\/\/ocantinhodoscabrais.pt\/de\/wp-json\/wp\/v2\/mphb_room_type_category?post=2586"},{"taxonomy":"mphb_room_type_tag","embeddable":true,"href":"https:\/\/ocantinhodoscabrais.pt\/de\/wp-json\/wp\/v2\/mphb_room_type_tag?post=2586"},{"taxonomy":"mphb_room_type_facility","embeddable":true,"href":"https:\/\/ocantinhodoscabrais.pt\/de\/wp-json\/wp\/v2\/mphb_room_type_facility?post=2586"}],"curies":[{"name":"wp","href":"https:\/\/api.w.org\/{rel}","templated":true}]}}

<p>Die beiden Wohnungen wurden so konzipiert, dass sie komfortabel sind und sich mit der ländlichen Ästhetik des Dorfes mit seiner Geschichte und Marke verbinden.</p>
<p>Jedes von ihnen bietet Platz für 8 Personen mit 3 Doppelzimmern und der Möglichkeit, zwei Personen auf dem Schlafsofa im Wohnzimmer unterzubringen.</p>
<p>Zwei der Schlafzimmer haben ein Doppelbett und eine Duschwanne und das dritte ist ein Zweibettzimmer mit Badewanne.</p>
<p><strong>Noten:</strong></p>
<p>1. &#8211; Es können 9 Personen sein, wenn einer von ihnen ein Kind bis 12 Jahre ist, das ein Zustellbett anfordern muss.</p>
<p>2. &#8211; Wenn Sie ein Zustellbett benötigen, senden Sie eine E-Mail, um es anzufordern.</p>
<p><strong>Eigenschaften:</strong></p>
<p>Jedes Apartment verfügt über 3 Schlafzimmer, 1 Küchenzeile und ein Wohnzimmer.</p>
<p>Das Wohnzimmer besteht aus:</p>
<p>ein Salamander,</p>
<p>Klimaanlage,</p>
<p>Fernsehen</p>
<p>Ein Schlafsofa.</p>
<p>Alle Zimmer verfügen über ein eigenes Bad.</p>
<p><strong>Preis 15 € inklusive Frühstück. </strong></p>
<p><strong>Zahlung in der Unterkunft.</strong></p>

<p>Die beiden Wohnungen wurden so konzipiert, dass sie komfortabel sind und sich mit der ländlichen Ästhetik des Dorfes mit seiner Geschichte und Marke verbinden. Jedes von ihnen bietet Platz für 8 Personen mit 3 Doppelzimmern und der Möglichkeit, zwei Personen auf dem Schlafsofa im Wohnzimmer unterzubringen. Zwei der Schlafzimmer haben ein Doppelbett und eine Duschwanne&#8230;</p>

<!-- This site is optimized with the Yoast SEO Premium plugin v19.5 (Yoast SEO v20.7) - https://yoast.com/wordpress/plugins/seo/ -->
<title>Wohnung - O Cantinho dos Cabrais</title>
<meta name="robots" content="index, follow, max-snippet:-1, max-image-preview:large, max-video-preview:-1" />
<link rel="canonical" href="https://ocantinhodoscabrais.pt/de/accommodation/wohnung/" />
<meta property="og:locale" content="de_DE" />
<meta property="og:type" content="article" />
<meta property="og:title" content="Wohnung" />
<meta property="og:description" content="Die beiden Wohnungen wurden so konzipiert, dass sie komfortabel sind und sich mit der ländlichen Ästhetik des Dorfes mit seiner Geschichte und Marke verbinden. Jedes von ihnen bietet Platz für 8 Personen mit 3 Doppelzimmern und der Möglichkeit, zwei Personen auf dem Schlafsofa im Wohnzimmer unterzubringen. Zwei der Schlafzimmer haben ein Doppelbett und eine Duschwanne..." />
<meta property="og:url" content="https://ocantinhodoscabrais.pt/de/accommodation/wohnung/" />
<meta property="og:site_name" content="O Cantinho dos Cabrais" />
<meta name="twitter:card" content="summary_large_image" />
<meta name="twitter:label1" content="Geschätzte Lesezeit" />
	<meta name="twitter:data1" content="1 Minute" />
<script type="application/ld+json" class="yoast-schema-graph">{"@context":"https://schema.org","@graph":[{"@type":"WebPage","@id":"https://ocantinhodoscabrais.pt/de/accommodation/wohnung/","url":"https://ocantinhodoscabrais.pt/de/accommodation/wohnung/","name":"Wohnung - O Cantinho dos Cabrais","isPartOf":{"@id":"https://ocantinhodoscabrais.pt/#website"},"datePublished":"2023-02-20T15:51:24+00:00","dateModified":"2023-02-20T15:51:24+00:00","breadcrumb":{"@id":"https://ocantinhodoscabrais.pt/de/accommodation/wohnung/#breadcrumb"},"inLanguage":"de","potentialAction":[{"@type":"ReadAction","target":["https://ocantinhodoscabrais.pt/de/accommodation/wohnung/"]}]},{"@type":"BreadcrumbList","@id":"https://ocantinhodoscabrais.pt/de/accommodation/wohnung/#breadcrumb","itemListElement":[{"@type":"ListItem","position":1,"name":"Início","item":"https://ocantinhodoscabrais.pt/de/"},{"@type":"ListItem","position":2,"name":"Tipos de Alojamento","item":"https://ocantinhodoscabrais.pt/accommodation/"},{"@type":"ListItem","position":3,"name":"Wohnung"}]},{"@type":"WebSite","@id":"https://ocantinhodoscabrais.pt/#website","url":"https://ocantinhodoscabrais.pt/","name":"O Cantinho dos Cabrais","description":"Sinta a Natureza","publisher":{"@id":"https://ocantinhodoscabrais.pt/#organization"},"potentialAction":[{"@type":"SearchAction","target":{"@type":"EntryPoint","urlTemplate":"https://ocantinhodoscabrais.pt/?s={search_term_string}"},"query-input":"required name=search_term_string"}],"inLanguage":"de"},{"@type":"Organization","@id":"https://ocantinhodoscabrais.pt/#organization","name":"O Cantinho dos Cabrais","url":"https://ocantinhodoscabrais.pt/","logo":{"@type":"ImageObject","inLanguage":"de","@id":"https://ocantinhodoscabrais.pt/#/schema/logo/image/","url":"https://ocantinhodoscabrais.pt/wp-content/uploads/2023/02/cropped-logo_horizontal.fw_.png","contentUrl":"https://ocantinhodoscabrais.pt/wp-content/uploads/2023/02/cropped-logo_horizontal.fw_.png","width":563,"height":109,"caption":"O Cantinho dos Cabrais"},"image":{"@id":"https://ocantinhodoscabrais.pt/#/schema/logo/image/"}}]}</script>
<!-- / Yoast SEO Premium plugin. -->

Die beiden Wohnungen wurden so konzipiert, dass sie komfortabel sind und sich mit der ländlichen Ästhetik des Dorfes mit seiner Geschichte und Marke verbinden. Jedes von ihnen bietet Platz für 8 Personen mit 3 Doppelzimmern und der Möglichkeit, zwei Personen auf dem Schlafsofa im Wohnzimmer unterzubringen. Zwei der Schlafzimmer haben ein Doppelbett und eine Duschwanne...

Início
