{"id":2593,"date":"2023-02-23T17:42:14","date_gmt":"2023-02-23T17:42:14","guid":{"rendered":"http:\/\/ocantinhodoscabrais.pt\/accommodation\/pack-sleep-chill\/"},"modified":"2023-03-08T16:37:13","modified_gmt":"2023-03-08T16:37:13","slug":"pack-sleep-chill","status":"publish","type":"mphb_room_type","link":"https:\/\/ocantinhodoscabrais.pt\/fr\/accommodation\/pack-sleep-chill\/","title":{"rendered":"Pack Sleep &amp; Chill"},"content":{"rendered":"<p><strong>S\u00e9jour de deux nuits<\/strong> avec d\u00eener et p<strong>etit d\u00e9jeuner inclus !<\/strong><\/p>\n<p>R\u00e9servez d\u00e8s maintenant ce pack et profitez-en pour profiter du meilleur de la gastronomie de notre r\u00e9gion.<\/p>\n<p>Profitez \u00e9galement de notre <strong>espace SPA<\/strong> : sauna, bain turc et jacuzzi sur le balcon avec vue sur la Serra da Estrela.<\/p>\n<p>Venez vous d\u00e9tendre avec nous !<\/p>\n","protected":false},"excerpt":{"rendered":"<p>S\u00e9jour de deux nuits avec d\u00eener et petit d\u00e9jeuner inclus ! R\u00e9servez d\u00e8s maintenant ce pack et profitez-en pour profiter du meilleur de la gastronomie de notre r\u00e9gion. Profitez \u00e9galement de notre espace SPA : sauna, bain turc et jacuzzi sur le balcon avec vue sur la Serra da Estrela. Venez vous d\u00e9tendre avec nous&#8230;<\/p>\n","protected":false},"featured_media":3705,"menu_order":0,"comment_status":"open","ping_status":"closed","template":"","mphb_room_type_category":[],"mphb_room_type_tag":[],"mphb_room_type_facility":[85,84,87,82,83,86,88],"acf":[],"yoast_head":"<!-- This site is optimized with the Yoast SEO Premium plugin v19.5 (Yoast SEO v20.7) - https:\/\/yoast.com\/wordpress\/plugins\/seo\/ -->\n<title>Pack Sleep &amp; Chill - O Cantinho dos Cabrais<\/title>\n<meta name=\"robots\" content=\"index, follow, max-snippet:-1, max-image-preview:large, max-video-preview:-1\" \/>\n<link rel=\"canonical\" href=\"https:\/\/ocantinhodoscabrais.pt\/fr\/accommodation\/pack-sleep-chill\/\" \/>\n<meta property=\"og:locale\" content=\"fr_FR\" \/>\n<meta property=\"og:type\" content=\"article\" \/>\n<meta property=\"og:title\" content=\"Pack Sleep &amp; Chill\" \/>\n<meta property=\"og:description\" content=\"S\u00e9jour de deux nuits avec d\u00eener et petit d\u00e9jeuner inclus ! R\u00e9servez d\u00e8s maintenant ce pack et profitez-en pour profiter du meilleur de la gastronomie de notre r\u00e9gion. Profitez \u00e9galement de notre espace SPA : sauna, bain turc et jacuzzi sur le balcon avec vue sur la Serra da Estrela. Venez vous d\u00e9tendre avec nous...\" \/>\n<meta property=\"og:url\" content=\"https:\/\/ocantinhodoscabrais.pt\/fr\/accommodation\/pack-sleep-chill\/\" \/>\n<meta property=\"og:site_name\" content=\"O Cantinho dos Cabrais\" \/>\n<meta property=\"article:modified_time\" content=\"2023-03-08T16:37:13+00:00\" \/>\n<meta property=\"og:image\" content=\"https:\/\/ocantinhodoscabrais.pt\/wp-content\/uploads\/2023\/02\/Pack-Sleep-Chill-Site.jpg\" \/>\n\t<meta property=\"og:image:width\" content=\"1280\" \/>\n\t<meta property=\"og:image:height\" content=\"720\" \/>\n\t<meta property=\"og:image:type\" content=\"image\/jpeg\" \/>\n<meta name=\"twitter:card\" content=\"summary_large_image\" \/>\n<script type=\"application\/ld+json\" class=\"yoast-schema-graph\">{\"@context\":\"https:\/\/schema.org\",\"@graph\":[{\"@type\":\"WebPage\",\"@id\":\"https:\/\/ocantinhodoscabrais.pt\/fr\/accommodation\/pack-sleep-chill\/\",\"url\":\"https:\/\/ocantinhodoscabrais.pt\/fr\/accommodation\/pack-sleep-chill\/\",\"name\":\"Pack Sleep &amp; Chill - O Cantinho dos Cabrais\",\"isPartOf\":{\"@id\":\"https:\/\/ocantinhodoscabrais.pt\/#website\"},\"datePublished\":\"2023-02-23T17:42:14+00:00\",\"dateModified\":\"2023-03-08T16:37:13+00:00\",\"breadcrumb\":{\"@id\":\"https:\/\/ocantinhodoscabrais.pt\/fr\/accommodation\/pack-sleep-chill\/#breadcrumb\"},\"inLanguage\":\"fr-FR\",\"potentialAction\":[{\"@type\":\"ReadAction\",\"target\":[\"https:\/\/ocantinhodoscabrais.pt\/fr\/accommodation\/pack-sleep-chill\/\"]}]},{\"@type\":\"BreadcrumbList\",\"@id\":\"https:\/\/ocantinhodoscabrais.pt\/fr\/accommodation\/pack-sleep-chill\/#breadcrumb\",\"itemListElement\":[{\"@type\":\"ListItem\",\"position\":1,\"name\":\"In\u00edcio\",\"item\":\"https:\/\/ocantinhodoscabrais.pt\/fr\/\"},{\"@type\":\"ListItem\",\"position\":2,\"name\":\"Tipos de Alojamento\",\"item\":\"https:\/\/ocantinhodoscabrais.pt\/accommodation\/\"},{\"@type\":\"ListItem\",\"position\":3,\"name\":\"Pack Sleep &amp; Chill\"}]},{\"@type\":\"WebSite\",\"@id\":\"https:\/\/ocantinhodoscabrais.pt\/#website\",\"url\":\"https:\/\/ocantinhodoscabrais.pt\/\",\"name\":\"O Cantinho dos Cabrais\",\"description\":\"Sinta a Natureza\",\"publisher\":{\"@id\":\"https:\/\/ocantinhodoscabrais.pt\/#organization\"},\"potentialAction\":[{\"@type\":\"SearchAction\",\"target\":{\"@type\":\"EntryPoint\",\"urlTemplate\":\"https:\/\/ocantinhodoscabrais.pt\/?s={search_term_string}\"},\"query-input\":\"required name=search_term_string\"}],\"inLanguage\":\"fr-FR\"},{\"@type\":\"Organization\",\"@id\":\"https:\/\/ocantinhodoscabrais.pt\/#organization\",\"name\":\"O Cantinho dos Cabrais\",\"url\":\"https:\/\/ocantinhodoscabrais.pt\/\",\"logo\":{\"@type\":\"ImageObject\",\"inLanguage\":\"fr-FR\",\"@id\":\"https:\/\/ocantinhodoscabrais.pt\/#\/schema\/logo\/image\/\",\"url\":\"https:\/\/ocantinhodoscabrais.pt\/wp-content\/uploads\/2023\/02\/cropped-logo_horizontal.fw_.png\",\"contentUrl\":\"https:\/\/ocantinhodoscabrais.pt\/wp-content\/uploads\/2023\/02\/cropped-logo_horizontal.fw_.png\",\"width\":563,\"height\":109,\"caption\":\"O Cantinho dos Cabrais\"},\"image\":{\"@id\":\"https:\/\/ocantinhodoscabrais.pt\/#\/schema\/logo\/image\/\"}}]}<\/script>\n<!-- \/ Yoast SEO Premium plugin. -->","yoast_head_json":{"title":"Pack Sleep &amp; Chill - O Cantinho dos Cabrais","robots":{"index":"index","follow":"follow","max-snippet":"max-snippet:-1","max-image-preview":"max-image-preview:large","max-video-preview":"max-video-preview:-1"},"canonical":"https:\/\/ocantinhodoscabrais.pt\/fr\/accommodation\/pack-sleep-chill\/","og_locale":"fr_FR","og_type":"article","og_title":"Pack Sleep &amp; Chill","og_description":"S\u00e9jour de deux nuits avec d\u00eener et petit d\u00e9jeuner inclus ! R\u00e9servez d\u00e8s maintenant ce pack et profitez-en pour profiter du meilleur de la gastronomie de notre r\u00e9gion. Profitez \u00e9galement de notre espace SPA : sauna, bain turc et jacuzzi sur le balcon avec vue sur la Serra da Estrela. Venez vous d\u00e9tendre avec nous...","og_url":"https:\/\/ocantinhodoscabrais.pt\/fr\/accommodation\/pack-sleep-chill\/","og_site_name":"O Cantinho dos Cabrais","article_modified_time":"2023-03-08T16:37:13+00:00","og_image":[{"width":1280,"height":720,"url":"https:\/\/ocantinhodoscabrais.pt\/wp-content\/uploads\/2023\/02\/Pack-Sleep-Chill-Site.jpg","type":"image\/jpeg"}],"twitter_card":"summary_large_image","schema":{"@context":"https:\/\/schema.org","@graph":[{"@type":"WebPage","@id":"https:\/\/ocantinhodoscabrais.pt\/fr\/accommodation\/pack-sleep-chill\/","url":"https:\/\/ocantinhodoscabrais.pt\/fr\/accommodation\/pack-sleep-chill\/","name":"Pack Sleep &amp; Chill - O Cantinho dos Cabrais","isPartOf":{"@id":"https:\/\/ocantinhodoscabrais.pt\/#website"},"datePublished":"2023-02-23T17:42:14+00:00","dateModified":"2023-03-08T16:37:13+00:00","breadcrumb":{"@id":"https:\/\/ocantinhodoscabrais.pt\/fr\/accommodation\/pack-sleep-chill\/#breadcrumb"},"inLanguage":"fr-FR","potentialAction":[{"@type":"ReadAction","target":["https:\/\/ocantinhodoscabrais.pt\/fr\/accommodation\/pack-sleep-chill\/"]}]},{"@type":"BreadcrumbList","@id":"https:\/\/ocantinhodoscabrais.pt\/fr\/accommodation\/pack-sleep-chill\/#breadcrumb","itemListElement":[{"@type":"ListItem","position":1,"name":"In\u00edcio","item":"https:\/\/ocantinhodoscabrais.pt\/fr\/"},{"@type":"ListItem","position":2,"name":"Tipos de Alojamento","item":"https:\/\/ocantinhodoscabrais.pt\/accommodation\/"},{"@type":"ListItem","position":3,"name":"Pack Sleep &amp; Chill"}]},{"@type":"WebSite","@id":"https:\/\/ocantinhodoscabrais.pt\/#website","url":"https:\/\/ocantinhodoscabrais.pt\/","name":"O Cantinho dos Cabrais","description":"Sinta a Natureza","publisher":{"@id":"https:\/\/ocantinhodoscabrais.pt\/#organization"},"potentialAction":[{"@type":"SearchAction","target":{"@type":"EntryPoint","urlTemplate":"https:\/\/ocantinhodoscabrais.pt\/?s={search_term_string}"},"query-input":"required name=search_term_string"}],"inLanguage":"fr-FR"},{"@type":"Organization","@id":"https:\/\/ocantinhodoscabrais.pt\/#organization","name":"O Cantinho dos Cabrais","url":"https:\/\/ocantinhodoscabrais.pt\/","logo":{"@type":"ImageObject","inLanguage":"fr-FR","@id":"https:\/\/ocantinhodoscabrais.pt\/#\/schema\/logo\/image\/","url":"https:\/\/ocantinhodoscabrais.pt\/wp-content\/uploads\/2023\/02\/cropped-logo_horizontal.fw_.png","contentUrl":"https:\/\/ocantinhodoscabrais.pt\/wp-content\/uploads\/2023\/02\/cropped-logo_horizontal.fw_.png","width":563,"height":109,"caption":"O Cantinho dos Cabrais"},"image":{"@id":"https:\/\/ocantinhodoscabrais.pt\/#\/schema\/logo\/image\/"}}]}},"_links":{"self":[{"href":"https:\/\/ocantinhodoscabrais.pt\/fr\/wp-json\/wp\/v2\/mphb_room_type\/2593"}],"collection":[{"href":"https:\/\/ocantinhodoscabrais.pt\/fr\/wp-json\/wp\/v2\/mphb_room_type"}],"about":[{"href":"https:\/\/ocantinhodoscabrais.pt\/fr\/wp-json\/wp\/v2\/types\/mphb_room_type"}],"replies":[{"embeddable":true,"href":"https:\/\/ocantinhodoscabrais.pt\/fr\/wp-json\/wp\/v2\/comments?post=2593"}],"wp:featuredmedia":[{"embeddable":true,"href":"https:\/\/ocantinhodoscabrais.pt\/fr\/wp-json\/wp\/v2\/media\/3705"}],"wp:attachment":[{"href":"https:\/\/ocantinhodoscabrais.pt\/fr\/wp-json\/wp\/v2\/media?parent=2593"}],"wp:term":[{"taxonomy":"mphb_room_type_category","embeddable":true,"href":"https:\/\/ocantinhodoscabrais.pt\/fr\/wp-json\/wp\/v2\/mphb_room_type_category?post=2593"},{"taxonomy":"mphb_room_type_tag","embeddable":true,"href":"https:\/\/ocantinhodoscabrais.pt\/fr\/wp-json\/wp\/v2\/mphb_room_type_tag?post=2593"},{"taxonomy":"mphb_room_type_facility","embeddable":true,"href":"https:\/\/ocantinhodoscabrais.pt\/fr\/wp-json\/wp\/v2\/mphb_room_type_facility?post=2593"}],"curies":[{"name":"wp","href":"https:\/\/api.w.org\/{rel}","templated":true}]}}

<p><strong>Séjour de deux nuits</strong> avec dîner et p<strong>etit déjeuner inclus !</strong></p>
<p>Réservez dès maintenant ce pack et profitez-en pour profiter du meilleur de la gastronomie de notre région.</p>
<p>Profitez également de notre <strong>espace SPA</strong> : sauna, bain turc et jacuzzi sur le balcon avec vue sur la Serra da Estrela.</p>
<p>Venez vous détendre avec nous !</p>

<p>Séjour de deux nuits avec dîner et petit déjeuner inclus ! Réservez dès maintenant ce pack et profitez-en pour profiter du meilleur de la gastronomie de notre région. Profitez également de notre espace SPA : sauna, bain turc et jacuzzi sur le balcon avec vue sur la Serra da Estrela. Venez vous détendre avec nous&#8230;</p>

<!-- This site is optimized with the Yoast SEO Premium plugin v19.5 (Yoast SEO v20.7) - https://yoast.com/wordpress/plugins/seo/ -->
<title>Pack Sleep &amp; Chill - O Cantinho dos Cabrais</title>
<meta name="robots" content="index, follow, max-snippet:-1, max-image-preview:large, max-video-preview:-1" />
<link rel="canonical" href="https://ocantinhodoscabrais.pt/fr/accommodation/pack-sleep-chill/" />
<meta property="og:locale" content="fr_FR" />
<meta property="og:type" content="article" />
<meta property="og:title" content="Pack Sleep &amp; Chill" />
<meta property="og:description" content="Séjour de deux nuits avec dîner et petit déjeuner inclus ! Réservez dès maintenant ce pack et profitez-en pour profiter du meilleur de la gastronomie de notre région. Profitez également de notre espace SPA : sauna, bain turc et jacuzzi sur le balcon avec vue sur la Serra da Estrela. Venez vous détendre avec nous..." />
<meta property="og:url" content="https://ocantinhodoscabrais.pt/fr/accommodation/pack-sleep-chill/" />
<meta property="og:site_name" content="O Cantinho dos Cabrais" />
<meta property="article:modified_time" content="2023-03-08T16:37:13+00:00" />
<meta property="og:image" content="https://ocantinhodoscabrais.pt/wp-content/uploads/2023/02/Pack-Sleep-Chill-Site.jpg" />
	<meta property="og:image:width" content="1280" />
	<meta property="og:image:height" content="720" />
	<meta property="og:image:type" content="image/jpeg" />
<meta name="twitter:card" content="summary_large_image" />
<script type="application/ld+json" class="yoast-schema-graph">{"@context":"https://schema.org","@graph":[{"@type":"WebPage","@id":"https://ocantinhodoscabrais.pt/fr/accommodation/pack-sleep-chill/","url":"https://ocantinhodoscabrais.pt/fr/accommodation/pack-sleep-chill/","name":"Pack Sleep &amp; Chill - O Cantinho dos Cabrais","isPartOf":{"@id":"https://ocantinhodoscabrais.pt/#website"},"datePublished":"2023-02-23T17:42:14+00:00","dateModified":"2023-03-08T16:37:13+00:00","breadcrumb":{"@id":"https://ocantinhodoscabrais.pt/fr/accommodation/pack-sleep-chill/#breadcrumb"},"inLanguage":"fr-FR","potentialAction":[{"@type":"ReadAction","target":["https://ocantinhodoscabrais.pt/fr/accommodation/pack-sleep-chill/"]}]},{"@type":"BreadcrumbList","@id":"https://ocantinhodoscabrais.pt/fr/accommodation/pack-sleep-chill/#breadcrumb","itemListElement":[{"@type":"ListItem","position":1,"name":"Início","item":"https://ocantinhodoscabrais.pt/fr/"},{"@type":"ListItem","position":2,"name":"Tipos de Alojamento","item":"https://ocantinhodoscabrais.pt/accommodation/"},{"@type":"ListItem","position":3,"name":"Pack Sleep &amp; Chill"}]},{"@type":"WebSite","@id":"https://ocantinhodoscabrais.pt/#website","url":"https://ocantinhodoscabrais.pt/","name":"O Cantinho dos Cabrais","description":"Sinta a Natureza","publisher":{"@id":"https://ocantinhodoscabrais.pt/#organization"},"potentialAction":[{"@type":"SearchAction","target":{"@type":"EntryPoint","urlTemplate":"https://ocantinhodoscabrais.pt/?s={search_term_string}"},"query-input":"required name=search_term_string"}],"inLanguage":"fr-FR"},{"@type":"Organization","@id":"https://ocantinhodoscabrais.pt/#organization","name":"O Cantinho dos Cabrais","url":"https://ocantinhodoscabrais.pt/","logo":{"@type":"ImageObject","inLanguage":"fr-FR","@id":"https://ocantinhodoscabrais.pt/#/schema/logo/image/","url":"https://ocantinhodoscabrais.pt/wp-content/uploads/2023/02/cropped-logo_horizontal.fw_.png","contentUrl":"https://ocantinhodoscabrais.pt/wp-content/uploads/2023/02/cropped-logo_horizontal.fw_.png","width":563,"height":109,"caption":"O Cantinho dos Cabrais"},"image":{"@id":"https://ocantinhodoscabrais.pt/#/schema/logo/image/"}}]}</script>
<!-- / Yoast SEO Premium plugin. -->

Séjour de deux nuits avec dîner et petit déjeuner inclus ! Réservez dès maintenant ce pack et profitez-en pour profiter du meilleur de la gastronomie de notre région. Profitez également de notre espace SPA : sauna, bain turc et jacuzzi sur le balcon avec vue sur la Serra da Estrela. Venez vous détendre avec nous...

Início
